 -5*h + 21 = 3*z. What is the units digit of z?
7
Let u(d) = 3*d**3 + d**2 - 1. Let z be u(1). Let i be z/((-1)/((-2)/2)). Suppose 14 = i*o - 4. What is the units digit of o?
6
Suppose 0 = -5*l + 5*h + 785, -3*h = -2*h + 4. What is the hundreds digit of l?
1
Let r(y) = -9*y - 26. What is the tens digit of r(-16)?
1
Suppose 0 = 5*x - x - 8. Suppose -2*v - x*v = -60. What is the tens digit of v?
1
Suppose 2*j - 6*r = -r + 4, 5*r = -10. Let q be (80/64)/((-1)/(-12)). Let f = j + q. What is the tens digit of f?
1
Suppose 2*t = 7*t - 45. What is the units digit of t?
9
Let m = 2 + -5. Let i(w) = w**3. Let p be i(0). What is the units digit of p + 0/m + 6?
6
Let h = 292 - 99. What is the tens digit of h?
9
Let x = -23 + 82. What is the tens digit of x?
5
Suppose 0 = 4*r + 27 - 3. Let l be 6 + r + 0 + 0. Suppose -t + 3*o = -8, 3*t + 3*o - 48 = -l*o. What is the units digit of t?
4
Suppose 0 = -0*g - 3*g. Let j(q) = -q + 1. Let f be j(-3). Suppose g = -r - r + f. What is the units digit of r?
2
Suppose -5*q + 16 = a, -2*q + 11 = a + 2*q. Let x be 3/a - (-21)/9. Suppose 3*w - 21 = c, -x*w - 2*c + 1 + 13 = 0. What is the units digit of w?
7
Suppose 0 = -4*f + 5*s + 3, 2*f = -2*s + 5*s + 1. Suppose i - 63 = -f*i. What is the tens digit of i?
2
What is the tens digit of 98/3 + (-7)/(-21)?
3
What is the hundreds digit of (2/((-4)/(-6)))/((-9)/(-750))?
2
Suppose 6*q - 7*q + 24 = 0. Suppose -2*n - 2*d + q = 2*d, 3*d = 0. What is the units digit of n?
2
Let d(s) = 36*s**2 + s - 2. What is the units digit of d(1)?
5
Let z be -8*(-1 + 6/4). Let f(k) = k**2 - 4. Let n be f(z). Suppose 4*p = -2*b + 6, 0*p + 2*b + n = 5*p. What is the units digit of p?
2
Suppose -5*l - 390 = -10*l. What is the units digit of l?
8
Let b(v) = v**3 + 10*v**2 + 12*v + 2. What is the tens digit of b(-6)?
7
Suppose 4*g + 2*h - 11 - 55 = 0, -3*h = -4*g + 41. What is the tens digit of g?
1
Let y(b) = -b**3 - 6*b**2 + 9*b + 9. Let m be y(-7). What is the units digit of 56/10 - 2/m?
6
Suppose 2*u + 27 = -u. Let l be ((-12)/u)/(3/9). What is the units digit of (l/(-6))/((-10)/75)?
5
Let r = 0 + 1. Suppose -3 = -o + 4*o. Let l = r - o. What is the units digit of l?
2
Suppose 4*h + 4*c = c + 4, -4*h + 4 = -2*c. Let g be ((-20)/(-6))/(h/(-3)). What is the units digit of 13/2 + 5/g?
6
What is the tens digit of (220/16)/(2/8)?
5
Let t(p) = 2*p**2 - 2*p + 2. Let x be t(2). Suppose -2*y - y = -x. Suppose -5*u + 4*u + y = 0. What is the units digit of u?
2
Let d be -12*(-2)/3*-1. Let b(i) = -9*i + 2. Let x(l) = 26*l - 5. Let m(k) = d*b(k) - 3*x(k). What is the tens digit of m(-2)?
1
Suppose -3*k + 5*k = -34. Let y = -10 - k. What is the units digit of y?
7
Let i(q) = -q**3 - 7*q**2 - 7*q - 4. Let x be i(-7). Suppose -t + x = 3*t + 3*o, -3*t = -2*o - 38. What is the units digit of t?
2
Let z be -11 - 2/(-2 - 0). Let c = 30 + z. What is the tens digit of c?
2
Let c be (-4)/(-6) + (-74)/(-6). Let s = c + -4. What is the units digit of s?
9
Suppose -2*m + 14 + 14 = 0. What is the units digit of m?
4
Suppose -2*c + 18 = -c. What is the units digit of c?
8
Suppose -1284 - 180 = -6*z. What is the hundreds digit of z?
2
Let w(a) = -5*a - 2. Let s be 12/20 + 26/(-10). Let p be w(s). Suppose 6*t - 2*t = p. What is the units digit of t?
2
Let o = 7 + -5. Let n(a) = 3*a**2 - 2 + 2*a**2 - 3*a**3 + o*a**3. What is the units digit of n(2)?
0
Let u(k) = -k**3 - k**2 - k - 1. Let a(l) = -2*l**3 + l**2 - 3*l - 1. Let m(s) = a(s) - 3*u(s). What is the tens digit of m(-3)?
1
Let t(j) = -j**3 - 4*j**2 + 2*j + 3. Let z be t(-3). Let q = -7 - z. Let u = -3 + q. What is the units digit of u?
2
Suppose 24 = 4*g - g. Let u = -26 + 38. What is the tens digit of (u/g)/(1/8)?
1
Suppose -4*h + h + 375 = 3*u, 0 = h + 5*u - 121. What is the units digit of h?
6
Let g(w) = 2*w + 0*w**3 - 3*w**2 - w - w**3. Let h be g(-4). Suppose 0 = 5*a - 3 - h. What is the units digit of a?
3
Let n(b) = b**2 + b + 1. Let x be n(-1). Let c be (-1 - -3) + x + 3. What is the units digit of (-8)/12 + 40/c?
6
Suppose -1051 - 111 = -7*g. What is the tens digit of g?
6
Let d(q) = -q**3 - 5*q**2 + 5*q - 5. Let w be d(-6). Let g be (-3)/(-2) - w/(-2). Suppose -4*l = -g*l - 14. What is the units digit of l?
7
Let a(m) = -15*m + 3. Let k be a(-4). Suppose -3*b + k = -3*y, -b - 3*y - y = -46. What is the units digit of b?
6
Suppose 2*f + 428 = 4*p, -3*p - 2*p + 2*f + 533 = 0. What is the units digit of p?
5
Suppose z - 5*z + 240 = 0. What is the tens digit of z?
6
Let s(g) = -g - 5. Let c be s(-8). What is the tens digit of ((-22)/(c + -1))/(-1)?
1
Let l(u) = 4*u - 6. Let c be l(5). Suppose 0 = -2*h + m + 13, -4*m - c = -h - m. Suppose 3*p + 3 = -2*f, -p + h*p + 14 = -f. What is the units digit of f?
6
Let j(d) = -d**2 + 10*d - 6. Let o be j(7). Suppose 3*g - 1 = -13. Let s = o + g. What is the tens digit of s?
1
Let b(a) = -4*a**3 - 2*a**2 - a + 2. What is the units digit of b(-2)?
8
Suppose 2*c = -5*c + 1358. What is the units digit of c?
4
Suppose 0 = -4*y + 13*y - 3555. What is the units digit of y?
5
Suppose -3*p + m - 2*m + 11 = 0, 17 = 3*p + 4*m. Let w be (-1 + -2)*8/12. Let l = w + p. What is the units digit of l?
1
Let s(x) = -17*x + 24. What is the units digit of s(-6)?
6
Suppose -3*w = -3*a - w + 30, -w = 2*a - 27. What is the tens digit of a?
1
Suppose 0*n + 5*n - 105 = 0. What is the tens digit of n?
2
Let u = -58 + 111. What is the tens digit of u?
5
Suppose 4*o + 15*o = 5738. What is the hundreds digit of o?
3
Let m = 6 + -13. Let x be (-2 + 0)/(2/m). Let y(q) = -q**3 + 7*q**2 + 2*q - 6. What is the units digit of y(x)?
8
Let v be (-9 - 3)*29/4. What is the tens digit of v/(-4) - 5/(-20)?
2
Let r(f) = -f**3 - 6*f**2 - 3. Let b be r(-5). What is the units digit of 2/7 - 356/b?
3
Let j(b) = -b + 4. Let y = 3 + -13. What is the units digit of j(y)?
4
Suppose 8*m = 16*m - 896. What is the tens digit of m?
1
What is the tens digit of (-15)/((-4)/48*3)?
6
Let o(i) = -i**2 - 6*i + 9. Let p be o(-7). Suppose -p*j - 4*d - 15 = -1, 2*j + 5*d = -19. Let z = 10 - j. What is the units digit of z?
7
Suppose 13*l = 11*l + 424. What is the hundreds digit of l?
2
What is the hundreds digit of (-2 - (-124)/6)*315/28?
2
Let g = 7 - 37. Let b be g/(-25) + (-2)/10. What is the units digit of (-27)/(-4) + b/4?
7
Let i(l) be the third derivative of l**6/30 - l**5/60 - l**4/24 + l**3/3 - 3*l**2. Let y be i(-2). What is the tens digit of (-57)/(-4) + 8/y?
1
Let n be (-48)/(-10) + (-1)/(-5). Let i = 10 - n. Suppose 16 - 1 = i*d. What is the units digit of d?
3
Let q(k) be the third derivative of k**5/60 + k**4/3 + 5*k**3/2 - 8*k**2. What is the units digit of q(-6)?
3
Suppose -20 = 2*n + 3*n, -4*n = 2*s + 2. Suppose 3*q + s = 5*h - 12, 0 = -4*q + 2*h - 2. What is the units digit of q?
2
Let r(s) = 3*s**2 + 3*s + 10. Let d(l) = 5*l**2 + 5*l + 15. Let f(b) = 5*d(b) - 7*r(b). What is the units digit of f(-3)?
9
Let p(q) = -q**2 + 10*q + 7. Suppose -65 = -5*b + 4*s, -5*b = 5*s - 23 + 3. What is the units digit of p(b)?
6
Let h(w) = -w**3 - 3*w**2 + 4*w + 8. What is the units digit of h(-6)?
2
Let u(t) = -t**3 + 6*t**2 - 2*t + 4. Let d be u(5). Suppose 68 + d = 3*l - 3*v, 0 = -4*l - v + 141. What is the units digit of l?
4
Let n = 204 + -114. Suppose -2*m = -k - 3*k + n, k - 5*m = 0. What is the units digit of k?
5
Let x = 446 - 301. What is the hundreds digit of x?
1
Let h = -24 - -33. What is the units digit of h?
9
Let k be (-8)/(-6) - 4/(-6). Suppose -2*u + 4 - k = 0. Let t(d) = 12*d**3 - d**2 + d. What is the units digit of t(u)?
2
Suppose 2*r - 9 = -r. Suppose r*d - d = 6. What is the units digit of d?
3
Let f = 2 - 1. Let c(k) = 5*k**2 - k + 1. What is the units digit of c(f)?
5
Suppose -2*h - 5*f + 35 + 24 = 0, -3*f = h - 27. What is the units digit of (-1 - 2) + h/3?
1
Let x = 119 + 9. What is the tens digit of x?
2
Suppose -2*b + 3*b - 3 = -4*k, -k + 12 = -2*b. Suppose 4*z = k*z. Let h = 6 + z. What is the units digit of h?
6
Let d be (-6)/27 + 533/9. Suppose -2*p - 21 = 2*a - 71, -2*a + p + d = 0. What is the tens digit of a?
2
Suppose 5*z - 55 = -0*f - 3*f, 0 = -f. Let i be 4 + z - -2*1. Suppose 0 = t + 3*n + n + 17, n = 4*t - i. What is the units digit of t?
3
Suppose -4*i = 2*a - 6, 4*a - 10 - 22 = -3*i. What is the tens digit of a?
1
Let k = 14 - 28. Let 